{"id":1036,"date":"2022-09-04T17:25:16","date_gmt":"2022-09-04T20:25:16","guid":{"rendered":"https:\/\/vivenciasememoria.com.br\/mangaratiba\/mangaratiba\/?page_id=1036"},"modified":"2022-09-04T17:59:24","modified_gmt":"2022-09-04T20:59:24","slug":"agradecimentos-especiais","status":"publish","type":"page","link":"https:\/\/vivenciasememoria.com.br\/mangaratiba\/agradecimentos-especiais\/","title":{"rendered":"Agradecimentos Especiais"},"content":{"rendered":"\t\t<div data-elementor-type=\"wp-page\" data-elementor-id=\"1036\" class=\"elementor elementor-1036\">\n\t\t\t\t\t\t<section class=\"elementor-section elementor-top-section elementor-element elementor-element-297945ba elementor-section-content-middle elementor-reverse-tablet elementor-reverse-mobile elementor-section-height-min-height elementor-section-boxed elementor-section-height-default elementor-section-items-middle\" data-id=\"297945ba\" data-element_type=\"section\" id=\"agradecimentos\" data-settings=\"{&quot;background_background&quot;:&quot;classic&quot;}\">\n\t\t\t\t\t\t\t<div class=\"elementor-background-overlay\"><\/div>\n\t\t\t\t\t\t\t<div class=\"elementor-container elementor-column-gap-no\">\n\t\t\t\t\t<div class=\"elementor-column elementor-col-100 elementor-top-column elementor-element elementor-element-510252a8\" data-id=\"510252a8\" data-element_type=\"column\">\n\t\t\t<div class=\"elementor-widget-wrap elementor-element-populated\">\n\t\t\t\t\t\t<div class=\"elementor-element elementor-element-7a77abc6 elementor-widget elementor-widget-heading\" data-id=\"7a77abc6\" data-element_type=\"widget\" data-widget_type=\"heading.default\">\n\t\t\t\t<div class=\"elementor-widget-container\">\n\t\t\t\t\t<h1 class=\"elementor-heading-title elementor-size-default\">Agradecimentos especiais<\/h1>\t\t\t\t<\/div>\n\t\t\t\t<\/div>\n\t\t\t\t\t<\/div>\n\t\t<\/div>\n\t\t\t\t\t<\/div>\n\t\t<\/section>\n\t\t\t\t<section class=\"elementor-section elementor-top-section elementor-element elementor-element-37cd00c5 elementor-section-content-middle elementor-section-boxed elementor-section-height-default elementor-section-height-default\" data-id=\"37cd00c5\" data-element_type=\"section\" data-settings=\"{&quot;background_background&quot;:&quot;classic&quot;}\">\n\t\t\t\t\t\t<div class=\"elementor-container elementor-column-gap-no\">\n\t\t\t\t\t<div class=\"elementor-column elementor-col-100 elementor-top-column elementor-element elementor-element-a54f614\" data-id=\"a54f614\" data-element_type=\"column\">\n\t\t\t<div class=\"elementor-widget-wrap\">\n\t\t\t\t\t\t\t<\/div>\n\t\t<\/div>\n\t\t\t\t\t<\/div>\n\t\t<\/section>\n\t\t\t\t<section class=\"elementor-section elementor-top-section elementor-element elementor-element-65350175 elementor-section-content-middle elementor-section-full_width elementor-section-height-default elementor-section-height-default\" data-id=\"65350175\" data-element_type=\"section\" data-settings=\"{&quot;background_background&quot;:&quot;classic&quot;}\">\n\t\t\t\t\t\t<div class=\"elementor-container elementor-column-gap-no\">\n\t\t\t\t\t<div class=\"elementor-column elementor-col-100 elementor-top-column elementor-element elementor-element-3d758e6\" data-id=\"3d758e6\" data-element_type=\"column\">\n\t\t\t<div class=\"elementor-widget-wrap elementor-element-populated\">\n\t\t\t\t\t\t<div class=\"elementor-element elementor-element-5519a54d elementor-widget__width-initial elementor-widget elementor-widget-text-editor\" data-id=\"5519a54d\" data-element_type=\"widget\" data-widget_type=\"text-editor.default\">\n\t\t\t\t<div class=\"elementor-widget-container\">\n\t\t\t\t\t\t\t\t\t<p style=\"text-align: justify;\">Um bate-papo aqui, um cafezinho ali e, rapidamente, todo mundo j\u00e1 est\u00e1 se tratando pelo apelido! Os personagens que se cruzam nos relatos dos pain\u00e9is da exposi\u00e7\u00e3o est\u00e3o identificados como s\u00e3o conhecidos pelos amigos. Seus nomes completos est\u00e3o registrados na lista abaixo. Agradecemos muito a todos que ajudaram na constru\u00e7\u00e3o do projeto Viv\u00eancias e Mem\u00f3ria e refor\u00e7amos o convite para quem ainda n\u00e3o participou.&nbsp;<br><\/p>\t\t\t\t\t\t\t\t<\/div>\n\t\t\t\t<\/div>\n\t\t\t\t\t<\/div>\n\t\t<\/div>\n\t\t\t\t\t<\/div>\n\t\t<\/section>\n\t\t\t\t<section class=\"elementor-section elementor-top-section elementor-element elementor-element-4dd3967 elementor-section-content-middle elementor-section-boxed elementor-section-height-default elementor-section-height-default\" data-id=\"4dd3967\" data-element_type=\"section\" data-settings=\"{&quot;background_background&quot;:&quot;classic&quot;}\">\n\t\t\t\t\t\t<div class=\"elementor-container elementor-column-gap-no\">\n\t\t\t\t\t<div class=\"elementor-column elementor-col-100 elementor-top-column elementor-element elementor-element-be1574b\" data-id=\"be1574b\" data-element_type=\"column\">\n\t\t\t<div class=\"elementor-widget-wrap\">\n\t\t\t\t\t\t\t<\/div>\n\t\t<\/div>\n\t\t\t\t\t<\/div>\n\t\t<\/section>\n\t\t\t\t<section class=\"elementor-section elementor-top-section elementor-element elementor-element-c3ca1c1 elementor-section-content-middle elementor-section-full_width elementor-section-height-default elementor-section-height-default\" data-id=\"c3ca1c1\" data-element_type=\"section\" data-settings=\"{&quot;background_background&quot;:&quot;classic&quot;}\">\n\t\t\t\t\t\t<div class=\"elementor-container elementor-column-gap-no\">\n\t\t\t\t\t<div class=\"elementor-column elementor-col-100 elementor-top-column elementor-element elementor-element-1362598\" data-id=\"1362598\" data-element_type=\"column\">\n\t\t\t<div class=\"elementor-widget-wrap elementor-element-populated\">\n\t\t\t\t\t\t<div class=\"elementor-element elementor-element-7b79695 elementor-widget__width-initial elementor-widget elementor-widget-text-editor\" data-id=\"7b79695\" data-element_type=\"widget\" data-widget_type=\"text-editor.default\">\n\t\t\t\t<div class=\"elementor-widget-container\">\n\t\t\t\t\t\t\t\t\t<p style=\"text-align: justify;\">Ademar Carneiro Monteiro \u2022 Aderbal Teixeira da Cunha Filho (Bauer) \u2022 Angela Maria de Souza \u2022 Cary Cassiano Cavalcanti Filho \u2022 Cesar Carri\u00e7o \u2022 C\u00edcero Alessandro Lopes \u2022 Daila Puxarem \u2022 Daniel de Lima Soares \u2022 Darcy Rosa das Neves \u2022 Deo Cesar Januzzi \u2022 Diva de Freitas Camara \u2022 Edgard Luis Cravo \u2022 Maria Oliveira da Silva \u2022 Emil Crokidakis Castro (Emilzinho) \u2022 Emil de Castro \u2022 Ernestina da Silva Firmino \u2022 F\u00e1tima Ribeiro de Oliveira \u2022 Fernanda Etelvino Cruz Ramos \u2022 Genny Sim\u00f5es Seixas \u2022 Georgette Gabriel Georges \u2022 Geraldo Bertino \u2022 Gil Del Carmo \u2022 Gelcira Pereira Gomes (Cira) \u2022 Gilsara Pereira Gomes (Sara) \u2022 Humberto Carlos Mendon\u00e7a Vaz \u2022 Inez Lucas de Almeida \u2022 Irene da Concei\u00e7\u00e3o \u2022 Jos\u00e9 Augusto Vital de Gouveia (Gugu) \u2022 Jo\u00e3o Carlos de Abreu (Kakau) \u2022 Jo\u00e3o Luiz Vasconcellos de Carvalho \u2022 Jos\u00e9 Miguel Ol\u00edmpio Sim\u00f5es Filho (Miguelzinho) \u2022 Julieta Gabriel Santos \u2022 Luciana Lu\u00edsa de Souza Fernandes \u2022 Luciano dos Santos Carri\u00e7o \u2022 Lucimary Kaiser de Queiroz \u2022 Luiz Pedro Tavares da Silva \u2022 Manoel Firmino \u2022 Marcos Luiz de Souza \u2022 Maria Aparecida Angelo da Silva (Cida) \u2022 Maria das Gra\u00e7as Martins \u2022 Maria Jos\u00e9 Etelvino \u2022 Marli Rodrigues \u2022 Mary Jane Fonseca Torres \u2022 Mirian Bondim Satyro \u2022 Natalino Teixeira da Cunha \u2022 N\u00fabia Felippe de Oliveira \u2022 Patr\u00edcia Vieira Braga \u2022 Priscila Alves da Silva \u2022 Renan Vasconcellos \u2022 Ricardo Marques Vieira \u2022 S\u00e9rgio Roberto Santos da Silva Mello \u2022 Silvio dos Santos Soares \u2022 Sirlene Xavier Brito \u2022 Sonia Tavares da Cunha \u2022 Ta\u00eds Camara da Rocha Assis \u2022 Valdir dos Santos Soares \u2022 Valdirene Concei\u00e7\u00e3o de Souza \u2022 V\u00e2nia Maria Alves Guerra dos Santos \u2022 Vatilde Gon\u00e7alves de Moraes Filho \u2022 Vicente de Paula Pimenta da Rocha<\/p><div>\u00a0<\/div>\t\t\t\t\t\t\t\t<\/div>\n\t\t\t\t<\/div>\n\t\t\t\t\t<\/div>\n\t\t<\/div>\n\t\t\t\t\t<\/div>\n\t\t<\/section>\n\t\t\t\t<section class=\"elementor-section elementor-top-section elementor-element elementor-element-f3f666d elementor-section-content-middle elementor-section-boxed elementor-section-height-default elementor-section-height-default\" data-id=\"f3f666d\" data-element_type=\"section\" id=\"ficha\" data-settings=\"{&quot;background_background&quot;:&quot;classic&quot;}\">\n\t\t\t\t\t\t<div class=\"elementor-container elementor-column-gap-no\">\n\t\t\t\t\t<div class=\"elementor-column elementor-col-100 elementor-top-column elementor-element elementor-element-c69caf3\" data-id=\"c69caf3\" data-element_type=\"column\">\n\t\t\t<div class=\"elementor-widget-wrap\">\n\t\t\t\t\t\t\t<\/div>\n\t\t<\/div>\n\t\t\t\t\t<\/div>\n\t\t<\/section>\n\t\t\t\t<section class=\"elementor-section elementor-top-section elementor-element elementor-element-757922b elementor-section-boxed elementor-section-height-default elementor-section-height-default\" data-id=\"757922b\" data-element_type=\"section\">\n\t\t\t\t\t\t\t<div class=\"elementor-background-overlay\"><\/div>\n\t\t\t\t\t\t\t<div class=\"elementor-container elementor-column-gap-default\">\n\t\t\t\t\t<div class=\"elementor-column elementor-col-100 elementor-top-column elementor-element elementor-element-c8559ae\" data-id=\"c8559ae\" data-element_type=\"column\">\n\t\t\t<div class=\"elementor-widget-wrap elementor-element-populated\">\n\t\t\t\t\t\t<div class=\"elementor-element elementor-element-c44c4cf elementor-widget elementor-widget-heading\" data-id=\"c44c4cf\" data-element_type=\"widget\" data-widget_type=\"heading.default\">\n\t\t\t\t<div class=\"elementor-widget-container\">\n\t\t\t\t\t<h2 class=\"elementor-heading-title elementor-size-default\">Ficha T\u00e9cnica<\/h2>\t\t\t\t<\/div>\n\t\t\t\t<\/div>\n\t\t\t\t\t<\/div>\n\t\t<\/div>\n\t\t\t\t\t<\/div>\n\t\t<\/section>\n\t\t\t\t<section class=\"elementor-section elementor-top-section elementor-element elementor-element-2979325 elementor-section-boxed elementor-section-height-default elementor-section-height-default\" data-id=\"2979325\" data-element_type=\"section\">\n\t\t\t\t\t\t\t<div class=\"elementor-background-overlay\"><\/div>\n\t\t\t\t\t\t\t<div class=\"elementor-container elementor-column-gap-default\">\n\t\t\t\t\t<div class=\"elementor-column elementor-col-33 elementor-top-column elementor-element elementor-element-830993a\" data-id=\"830993a\" data-element_type=\"column\">\n\t\t\t<div class=\"elementor-widget-wrap elementor-element-populated\">\n\t\t\t\t\t\t<div class=\"elementor-element elementor-element-99b5f8b elementor-widget__width-initial elementor-widget-mobile__width-initial elementor-widget elementor-widget-text-editor\" data-id=\"99b5f8b\" data-element_type=\"widget\" data-widget_type=\"text-editor.default\">\n\t\t\t\t<div class=\"elementor-widget-container\">\n\t\t\t\t\t\t\t\t\t<p style=\"text-align: justify;\"><b>Realiza\u00e7\u00e3o<\/b><\/p>\n<p style=\"text-align: justify;\">Instituto Cultural Cidade Viva<\/p>\n<p style=\"text-align: justify;\">\n<\/p><p style=\"text-align: justify;\"><b>Coordena\u00e7\u00e3o geral<\/b><\/p>\n<p style=\"text-align: justify;\">Fernando Portella<\/p>\n<p style=\"text-align: justify;\">\n<\/p><p style=\"text-align: justify;\"><b>Produ\u00e7\u00e3o executiva<\/b><\/p>\n<p style=\"text-align: justify;\">Natale Onofre<\/p>\n<p style=\"text-align: justify;\">\n<\/p><p style=\"text-align: justify;\"><b>Equipe de produ\u00e7\u00e3o&nbsp;<\/b><\/p>\n<p style=\"text-align: justify;\">Yuri Maia, Raphael Kepler&nbsp;<\/p>\n<p style=\"text-align: justify;\">e Renan Vasconcellos<\/p>\n<p style=\"text-align: justify;\">\n<\/p><p style=\"text-align: justify;\"><b>Assessoria administrativa<\/b><\/p>\n<p style=\"text-align: justify;\">Roberta Abreu, Adriana Rocha&nbsp;<\/p>\n<p style=\"text-align: justify;\">e Samanta Dias<\/p>\n<div>&nbsp;<\/div>\t\t\t\t\t\t\t\t<\/div>\n\t\t\t\t<\/div>\n\t\t\t\t\t<\/div>\n\t\t<\/div>\n\t\t\t\t<div class=\"elementor-column elementor-col-33 elementor-top-column elementor-element elementor-element-eca29c8\" data-id=\"eca29c8\" data-element_type=\"column\">\n\t\t\t<div class=\"elementor-widget-wrap elementor-element-populated\">\n\t\t\t\t\t\t<div class=\"elementor-element elementor-element-447dae3 elementor-widget__width-initial elementor-widget-mobile__width-initial elementor-widget elementor-widget-text-editor\" data-id=\"447dae3\" data-element_type=\"widget\" data-widget_type=\"text-editor.default\">\n\t\t\t\t<div class=\"elementor-widget-container\">\n\t\t\t\t\t\t\t\t\t<p style=\"text-align: justify;\"><b>Projeto museol\u00f3gico e Produ\u00e7\u00e3o de texto\u00a0<\/b><\/p><p style=\"text-align: justify;\">Elisa Colepicolo\u00a0<\/p><p style=\"text-align: justify;\"><b>Pesquisa e Revis\u00e3o de conte\u00fado<\/b><\/p><p style=\"text-align: justify;\">Mirian Bondim e Cary Cavalcanti\u00a0<\/p><p style=\"text-align: justify;\"><b>Coordena\u00e7\u00e3o audiovisual<\/b><\/p><p style=\"text-align: justify;\">MM Studio Cultural<\/p><p style=\"text-align: justify;\"><b style=\"font-size: inherit; letter-spacing: 0px; word-spacing: 0em;\">Fotografia e Tratamento de imagens<\/b><\/p><p style=\"text-align: justify;\">Vasconcellos Films<\/p><p style=\"font-size: 16px; text-align: justify;\"><span style=\"font-weight: bold;\">Projeto gr\u00e1fico<\/span><\/p><p style=\"font-size: 16px; text-align: justify;\">Cristina Hintze \u2013 Est\u00fadio Ti\u00ea<\/p><p style=\"text-align: justify;\">\u00a0<\/p>\t\t\t\t\t\t\t\t<\/div>\n\t\t\t\t<\/div>\n\t\t\t\t\t<\/div>\n\t\t<\/div>\n\t\t\t\t<div class=\"elementor-column elementor-col-33 elementor-top-column elementor-element elementor-element-6646a21\" data-id=\"6646a21\" data-element_type=\"column\">\n\t\t\t<div class=\"elementor-widget-wrap elementor-element-populated\">\n\t\t\t\t\t\t<div class=\"elementor-element elementor-element-67f87c5 elementor-widget__width-initial elementor-widget-mobile__width-initial elementor-widget elementor-widget-text-editor\" data-id=\"67f87c5\" data-element_type=\"widget\" data-widget_type=\"text-editor.default\">\n\t\t\t\t<div class=\"elementor-widget-container\">\n\t\t\t\t\t\t\t\t\t<p style=\"text-align: justify;\"><b style=\"font-size: inherit; letter-spacing: 0px; word-spacing: 0em;\">Desenvolvimento do site e Exposi\u00e7\u00e3o digital<\/b><\/p><p style=\"text-align: justify;\">MM Studio Cultural<\/p><p style=\"text-align: justify;\"><b>Acessibilidade<\/b><\/p><p style=\"text-align: justify;\">Rangel Produ\u00e7\u00f5es<\/p><p style=\"text-align: justify;\"><b>Assessoria de comunica\u00e7\u00e3o<\/b><\/p><p style=\"text-align: justify;\">Christina Lima \u2013 Cafun\u00e9 Comunica\u00e7\u00e3o e<b> <\/b>Cultura<\/p><p style=\"text-align: justify;\"><b>Produ\u00e7\u00e3o gr\u00e1fica<\/b><\/p><p style=\"text-align: justify;\">A3 Gr\u00e1fica Digital Costa Verde<\/p><div>\u00a0<\/div>\t\t\t\t\t\t\t\t<\/div>\n\t\t\t\t<\/div>\n\t\t\t\t\t<\/div>\n\t\t<\/div>\n\t\t\t\t\t<\/div>\n\t\t<\/section>\n\t\t\t\t<\/div>\n\t\t","protected":false},"excerpt":{"rendered":"<p>Agradecimentos especiais Um bate-papo aqui, um cafezinho ali e, rapidamente, todo mundo j\u00e1 est\u00e1 se tratando pelo apelido! Os personagens que se cruzam nos relatos dos pain\u00e9is da exposi\u00e7\u00e3o est\u00e3o identificados como s\u00e3o conhecidos pelos amigos. Seus nomes completos est\u00e3o registrados na lista abaixo. Agradecemos muito a todos que ajudaram na constru\u00e7\u00e3o do projeto Viv\u00eancias [&hellip;]<\/p>\n","protected":false},"author":1,"featured_media":0,"parent":0,"menu_order":0,"comment_status":"closed","ping_status":"closed","template":"elementor_header_footer","meta":{"footnotes":""},"class_list":["post-1036","page","type-page","status-publish","hentry"],"_links":{"self":[{"href":"https:\/\/vivenciasememoria.com.br\/mangaratiba\/wp-json\/wp\/v2\/pages\/1036","targetHints":{"allow":["GET"]}}],"collection":[{"href":"https:\/\/vivenciasememoria.com.br\/mangaratiba\/wp-json\/wp\/v2\/pages"}],"about":[{"href":"https:\/\/vivenciasememoria.com.br\/mangaratiba\/wp-json\/wp\/v2\/types\/page"}],"author":[{"embeddable":true,"href":"https:\/\/vivenciasememoria.com.br\/mangaratiba\/wp-json\/wp\/v2\/users\/1"}],"replies":[{"embeddable":true,"href":"https:\/\/vivenciasememoria.com.br\/mangaratiba\/wp-json\/wp\/v2\/comments?post=1036"}],"version-history":[{"count":7,"href":"https:\/\/vivenciasememoria.com.br\/mangaratiba\/wp-json\/wp\/v2\/pages\/1036\/revisions"}],"predecessor-version":[{"id":1045,"href":"https:\/\/vivenciasememoria.com.br\/mangaratiba\/wp-json\/wp\/v2\/pages\/1036\/revisions\/1045"}],"wp:attachment":[{"href":"https:\/\/vivenciasememoria.com.br\/mangaratiba\/wp-json\/wp\/v2\/media?parent=1036"}],"curies":[{"name":"wp","href":"https:\/\/api.w.org\/{rel}","templated":true}]}}